{"id":647,"date":"2016-04-18T15:21:52","date_gmt":"2016-04-18T13:21:52","guid":{"rendered":"http:\/\/150.254.196.48\/?page_id=647"},"modified":"2023-02-23T08:23:35","modified_gmt":"2023-02-23T07:23:35","slug":"oferta-edukacyjna","status":"publish","type":"page","link":"http:\/\/alms.ajp.edu.pl\/index.php\/oferta-edukacyjna\/","title":{"rendered":"Oferta edukacyjna"},"content":{"rendered":"\n<p><strong>Oferta Edukacyjna Liceum<\/strong><\/p>\n\n\n\n<p>Szko\u0142a rozpocz\u0119\u0142a\ndzia\u0142alno\u015b\u0107 1 wrze\u015bnia 2017 r.<\/p>\n\n\n\n<p><strong><em>W roku szkolnym 2023\/2024 w Akademickim Liceum Mistrzostwa Sportowego b\u0119d\u0105 \u0142\u0105czy\u0107 nauk\u0119 ze sportem:<\/em><\/strong><\/p>\n\n\n\n<p>&#8211;\ndziewcz\u0119ta uprawiaj\u0105ce pi\u0142k\u0119 koszykow\u0105,<\/p>\n\n\n\n<p>&#8211; ch\u0142opcy trenuj\u0105cy pi\u0142k\u0119 no\u017cn\u0105.<\/p>\n\n\n\n<p>Ambicj\u0105 szko\u0142y jest\nstworzenie jak najlepszych warunk\u00f3w uczniom uzdolnionym sportowo, zar\u00f3wno je\u015bli\nchodzi o rozw\u00f3j naukowy jak i sportowy. Jeste\u015bmy szko\u0142\u0105 dla tych uczni\u00f3w,\nkt\u00f3rzy chc\u0105 w jak najlepszym stopniu pogodzi\u0107 nauk\u0119 z uprawianiem sportu.\nZaj\u0119cia sportowe s\u0105 po\u0142\u0105czone z przedmiotami og\u00f3lnokszta\u0142c\u0105cymi w planie\nlekcji, co powoduje, \u017ce ucze\u0144 w szkole zdobywa wiedz\u0119 i umiej\u0119tno\u015bci z\nprzedmiot\u00f3w og\u00f3lnokszta\u0142c\u0105cych, a jednocze\u015bnie trenuje wybran\u0105 dyscyplin\u0119\nsportu.<\/p>\n\n\n\n<p><strong>Powy\u017cszy cel\nSzko\u0142a realizuje poprzez:<\/strong><\/p>\n\n\n\n<ul class=\"wp-block-list\">\n<li>realizacj\u0119 program\u00f3w\nnauczania, uwzgl\u0119dniaj\u0105cych podstawy programowe obowi\u0105zkowych przedmiot\u00f3w (tzn.\nprogramy nauczania obowi\u0105zuj\u0105ce w naszej szkole s\u0105 zgodne z obowi\u0105zuj\u0105cymi w\nszko\u0142ach publicznych),<\/li>\n\n\n\n<li>wykorzystywanie w pracy\ndydaktycznej nowoczesnych \u015brodk\u00f3w dydaktycznych i nowoczesnych metod pracy,<\/li>\n\n\n\n<li>umo\u017cliwienie uczniom\nrozwijania r\u00f3wnie\u017c innych talent\u00f3w i zainteresowa\u0144 poprzez udzia\u0142 w konkursach,\nszkolnych ko\u0142ach zainteresowa\u0144, przygotowywanych w szko\u0142ach imprezach,\ndzia\u0142alno\u015b\u0107 w Samorz\u0105dzie Uczniowskim,<\/li>\n\n\n\n<li>organizacj\u0119 i dzia\u0142anie\nszko\u0142y zgodnie z <em>Rozporz\u0105dzeniem MEN w\nsprawie oddzia\u0142\u00f3w i szk\u00f3\u0142 sportowych oraz oddzia\u0142\u00f3w i szk\u00f3\u0142 mistrzostwa\nsportowego<\/em>,<\/li>\n\n\n\n<li>realizacj\u0119 program\u00f3w\nszkolenia sportowego,<\/li>\n\n\n\n<li>zatrudnianie nauczycieli\nposiadaj\u0105cych kwalifikacje okre\u015blone dla nauczycieli szk\u00f3\u0142 publicznych (cz\u0119\u015b\u0107 z\nnich to nauczyciele akademiccy Akademii im. Jakuba z Parady\u017ca w Gorzowie\nWielkopolskim),<\/li>\n\n\n\n<li>mo\u017cliwo\u015b\u0107 udzia\u0142u w\nwyk\u0142adach i projektach AJP,<\/li>\n\n\n\n<li>zatrudnianie trener\u00f3w i\nspecjalist\u00f3w z klub\u00f3w sportowych w celu realizacji programu szkolenia\nsportowego,<\/li>\n\n\n\n<li>\u015bcis\u0142\u0105 wsp\u00f3\u0142prac\u0119 z klubami\nsportowymi,<\/li>\n\n\n\n<li>dost\u0119p do nowoczesnych\nobiekt\u00f3w i urz\u0105dze\u0144 sportowych,<\/li>\n\n\n\n<li>mo\u017cliwo\u015b\u0107 zakwaterowania w\nszkolnym internacie,<\/li>\n\n\n\n<li>wy\u017cywienie w szkole zgodne\nz wymogami \u017cywienia sportowc\u00f3w,<\/li>\n\n\n\n<li>pomoc\npsychologiczno-pedagogiczn\u0105.<\/li>\n<\/ul>\n\n\n\n<figure class=\"wp-block-table\"><table><tbody><tr><td><strong>Oczekujemy na uzdolnion\u0105 m\u0142odzie\u017c z ca\u0142ej Polski<\/strong><\/td><\/tr><\/tbody><\/table><\/figure>\n\n\n\n<figure class=\"wp-block-table\"><table><tbody><tr><td><strong>Do\u0142\u0105cz do nas<\/strong><\/td><\/tr><\/tbody><\/table><\/figure>\n\n\n\n<p><\/p>\n","protected":false},"excerpt":{"rendered":"<p>Oferta Edukacyjna Liceum Szko\u0142a rozpocz\u0119\u0142a dzia\u0142alno\u015b\u0107 1 wrze\u015bnia 2017 r. W roku szkolnym 2023\/2024 w Akademickim Liceum Mistrzostwa Sportowego b\u0119d\u0105 \u0142\u0105czy\u0107 nauk\u0119 ze sportem: &#8211; dziewcz\u0119ta uprawiaj\u0105ce pi\u0142k\u0119 koszykow\u0105, &#8211; ch\u0142opcy trenuj\u0105cy pi\u0142k\u0119 no\u017cn\u0105. Ambicj\u0105 szko\u0142y jest stworzenie jak najlepszych&hellip; <\/p>\n","protected":false},"author":1,"featured_media":0,"parent":0,"menu_order":0,"comment_status":"closed","ping_status":"closed","template":"","meta":{"footnotes":""},"class_list":["post-647","page","type-page","status-publish","hentry"],"_links":{"self":[{"href":"http:\/\/alms.ajp.edu.pl\/index.php\/wp-json\/wp\/v2\/pages\/647","targetHints":{"allow":["GET"]}}],"collection":[{"href":"http:\/\/alms.ajp.edu.pl\/index.php\/wp-json\/wp\/v2\/pages"}],"about":[{"href":"http:\/\/alms.ajp.edu.pl\/index.php\/wp-json\/wp\/v2\/types\/page"}],"author":[{"embeddable":true,"href":"http:\/\/alms.ajp.edu.pl\/index.php\/wp-json\/wp\/v2\/users\/1"}],"replies":[{"embeddable":true,"href":"http:\/\/alms.ajp.edu.pl\/index.php\/wp-json\/wp\/v2\/comments?post=647"}],"version-history":[{"count":24,"href":"http:\/\/alms.ajp.edu.pl\/index.php\/wp-json\/wp\/v2\/pages\/647\/revisions"}],"predecessor-version":[{"id":10374,"href":"http:\/\/alms.ajp.edu.pl\/index.php\/wp-json\/wp\/v2\/pages\/647\/revisions\/10374"}],"wp:attachment":[{"href":"http:\/\/alms.ajp.edu.pl\/index.php\/wp-json\/wp\/v2\/media?parent=647"}],"curies":[{"name":"wp","href":"https:\/\/api.w.org\/{rel}","templated":true}]}}