{"id":3929,"date":"2017-09-06T14:16:57","date_gmt":"2017-09-06T12:16:57","guid":{"rendered":"http:\/\/agms.ajp.edu.pl\/?page_id=3929"},"modified":"2026-04-01T09:28:59","modified_gmt":"2026-04-01T07:28:59","slug":"obiady","status":"publish","type":"page","link":"http:\/\/alms.ajp.edu.pl\/index.php\/liceum\/rodzice\/obiady\/","title":{"rendered":"OBIADY"},"content":{"rendered":"\n<p>Szanowni Pa\u0144stwo,<\/p>\n\n\n\n<p>Od 9 marca 2026r. nast\u0119puje zmiana firmy dostarczaj\u0105cej catering do szko\u0142y. Uczniowie b\u0119d\u0105 korzystali<br> z obiad\u00f3w firmy Smak Zdrowia ul. Bohater\u00f3w Westerplatte 10 z Gorzowa Wielkopolskiego.<\/p>\n\n\n\n<p>Nowe osoby chc\u0105ce korzysta\u0107 z obiad\u00f3w prosz\u0119 wype\u0142ni\u0107 deklaracj\u0119 (Regulamin, zamieszczony poni\u017cej), uczniowie , kt\u00f3rzy ju\u017c korzystaj\u0105 z obiad\u00f3w nie musza wype\u0142nia\u0107 deklaracji. <\/p>\n\n\n\n<p>Posi\u0142ki s\u0105 wydawane w szkole.<\/p>\n\n\n\n<p>Koszt jednego obiadu (pe\u0142nowarto\u015bciowe drugie danie) wynosi <strong>19 z\u0142.<\/strong><\/p>\n\n\n\n<p>Jad\u0142ospis b\u0119dzie zamieszczany na stronie internetowej szko\u0142y w pi\u0105tek poprzedzaj\u0105cy dany tydzie\u0144.<\/p>\n\n\n\n<p>Spos\u00f3b op\u0142aty za obiady i odwo\u0142ywanie obiad\u00f3w \u2013 pozostaj\u0105 bez zmian.<\/p>\n\n\n\n<p>Op\u0142aty za obiady za miesi\u0105c<strong>  kwiecie\u0144  2026 r.<\/strong> <strong> <\/strong><\/p>\n\n\n\n<p>18 obiad\u00f3w x cena jednostkowa obiadu 19 z\u0142 = <strong>342 z\u0142 <\/strong><\/p>\n\n\n\n<p>Nadp\u0142aty b\u0119d\u0105 zaliczane na poczet przysz\u0142ych wp\u0142at<\/p>\n\n\n\n<p>Nale\u017cy wp\u0142aca\u0107 do <strong>10.04.2026 r.<\/strong><\/p>\n\n\n\n<p>\u2013 na rachunek bankowy ALMS:&nbsp;<strong>95 1600 1462 1834 0578 7000 0001<\/strong>&nbsp;prowadzony w Banku BG\u017b BNP PARIBAS S.A.<\/p>\n\n\n\n<p><strong>NIEOBECNO\u015a\u0106<\/strong><\/p>\n\n\n\n<p>1. <strong>Obowi\u0105zek przekazania informacji o niekorzystaniu przez dziecko z obiadu w danym dniu\/tygodniu nale\u017cy do rodzica \/ opiekuna prawnego.&nbsp;<\/strong><\/p>\n\n\n\n<p>2. Zwrot op\u0142aty za niewykorzystane obiady mo\u017cna uzyska\u0107 tylko wtedy, gdy nieobecno\u015b\u0107 zostanie zg\u0142oszona w poniedzia\u0142ek <strong>do godziny 9:00 (dotyczy obiadu w poniedzia\u0142ek) lub w poniedzia\u0142ek do godz. 12:00 (dotyczy obiad\u00f3w w dni wtorek \u2013 pi\u0105tek). Mo\u017cliwe jest r\u00f3wnie\u017c zg\u0142oszenie nieobecno\u015bci dziecka tylko w \u015brod\u0119 do godz. 9,00 na dni (\u015broda, czwartek, pi\u0105tek) &#8211; choroba dziecka.  Zg\u0142oszenie nieobecno\u015bci w innych terminach b\u0119dzie uwzgl\u0119dnione tylko w zwi\u0105zku z wyjazdem na mecz, kt\u00f3rego termin nie by\u0142 znany wcze\u015bniej.<\/strong> <\/p>\n\n\n\n<p>Informacj\u0119 nale\u017cy przekaza\u0107 telefonicznie lub osobi\u015bcie do Sekretariatu szko\u0142y. Kontakt:&nbsp;<\/p>\n\n\n\n<p><strong>Sekretariat ALMS tel. 95 721 60 07<\/strong><\/p>\n\n\n\n<p>3. <strong>Brak informacji o nieobecno\u015bci dziecka powoduje konieczno\u015b\u0107 pokrycia koszt\u00f3w zam\u00f3wionego obiadu.<\/strong><\/p>\n\n\n\n<p><a href=\"http:\/\/alms.ajp.edu.pl\/wp-content\/uploads\/2026\/03\/Regulamin-obiadow-2025.2026.doc\">Regulamin-obiadow-2025.2026.doc<\/a><\/p>\n\n\n\n<p><a href=\"http:\/\/alms.ajp.edu.pl\/wp-content\/uploads\/2026\/04\/jadlospis-8-10.04.2026-.docx\">Jadlospis-8-10.04.2026-.docx<\/a><\/p>\n\n\n\n<p><a href=\"http:\/\/alms.ajp.edu.pl\/wp-content\/uploads\/2026\/04\/jadlospis-szkola-ALMS-kwiecien-2026.docx\">Jadlospis-szkola-ALMS-kwiecien-2026.docx<\/a><\/p>\n\n\n\n<p><\/p>\n","protected":false},"excerpt":{"rendered":"<p>Szanowni Pa\u0144stwo, Od 9 marca 2026r. nast\u0119puje zmiana firmy dostarczaj\u0105cej catering do szko\u0142y. Uczniowie b\u0119d\u0105 korzystali z obiad\u00f3w firmy Smak Zdrowia ul. Bohater\u00f3w Westerplatte 10 z Gorzowa Wielkopolskiego. Nowe osoby chc\u0105ce korzysta\u0107 z obiad\u00f3w prosz\u0119 wype\u0142ni\u0107 deklaracj\u0119 (Regulamin, zamieszczony poni\u017cej),&hellip; <\/p>\n","protected":false},"author":2,"featured_media":0,"parent":2900,"menu_order":0,"comment_status":"closed","ping_status":"closed","template":"","meta":{"footnotes":""},"class_list":["post-3929","page","type-page","status-publish","hentry"],"_links":{"self":[{"href":"http:\/\/alms.ajp.edu.pl\/index.php\/wp-json\/wp\/v2\/pages\/3929","targetHints":{"allow":["GET"]}}],"collection":[{"href":"http:\/\/alms.ajp.edu.pl\/index.php\/wp-json\/wp\/v2\/pages"}],"about":[{"href":"http:\/\/alms.ajp.edu.pl\/index.php\/wp-json\/wp\/v2\/types\/page"}],"author":[{"embeddable":true,"href":"http:\/\/alms.ajp.edu.pl\/index.php\/wp-json\/wp\/v2\/users\/2"}],"replies":[{"embeddable":true,"href":"http:\/\/alms.ajp.edu.pl\/index.php\/wp-json\/wp\/v2\/comments?post=3929"}],"version-history":[{"count":299,"href":"http:\/\/alms.ajp.edu.pl\/index.php\/wp-json\/wp\/v2\/pages\/3929\/revisions"}],"predecessor-version":[{"id":11907,"href":"http:\/\/alms.ajp.edu.pl\/index.php\/wp-json\/wp\/v2\/pages\/3929\/revisions\/11907"}],"up":[{"embeddable":true,"href":"http:\/\/alms.ajp.edu.pl\/index.php\/wp-json\/wp\/v2\/pages\/2900"}],"wp:attachment":[{"href":"http:\/\/alms.ajp.edu.pl\/index.php\/wp-json\/wp\/v2\/media?parent=3929"}],"curies":[{"name":"wp","href":"https:\/\/api.w.org\/{rel}","templated":true}]}}