{"id":2914,"date":"2017-03-01T08:16:56","date_gmt":"2017-03-01T07:16:56","guid":{"rendered":"http:\/\/agms.ajp.edu.pl\/?page_id=2914"},"modified":"2018-09-13T13:54:59","modified_gmt":"2018-09-13T11:54:59","slug":"historia","status":"publish","type":"page","link":"http:\/\/alms.ajp.edu.pl\/index.php\/liceum\/szkola\/o-nas\/historia\/","title":{"rendered":"Historia"},"content":{"rendered":"<p>Akademickie Liceum Mistrzostwa Sportowego w Gorzowie Wielkopolskim to liceum, kt\u00f3re swoj\u0105 dzia\u0142alno\u015b\u0107 rozpocz\u0119\u0142o 1 wrze\u015bnia 2017 roku. Powo\u0142ane zosta\u0142o przez JM Rektora Akademii im. Jakuba z Parady\u017ca w Gorzowie Wielkopolskim.<\/p>\n<p>Podstawowym zadaniem dzia\u0142alno\u015bci Akademickiego Liceum Mistrzostwa Sportowego jest stworzenie (we wsp\u00f3\u0142pracy z Akademi\u0105 im. Jakuba z Parady\u017ca i klubami sportowymi: AZS AJP Gorz\u00f3w Wielkopolski oraz ZKS Stilon Gorz\u00f3w) uczniom uzdolnionym optymalnych warunk\u00f3w do nauki i uprawiania sportu, umo\u017cliwiaj\u0105cych \u0142\u0105czenie zaj\u0119\u0107 sportowych z realizacj\u0105 zaj\u0119\u0107 dydaktycznych.<\/p>\n<p>&nbsp;<\/p>\n<p>W roku szkolnym 2017\/2018 uruchomiono dwa oddzia\u0142y:<\/p>\n<p>&#8211; pi\u0142ka koszykowa dziewcz\u0105t,<\/p>\n<p>&#8211; pi\u0142ka no\u017cna ch\u0142opc\u00f3w.<\/p>\n<p>W roku szkolnym 2018\/2019 uruchomiono r\u00f3wnie\u017c dwa oddzia\u0142y:<\/p>\n<p>&#8211; pi\u0142ka koszykowa dziewcz\u0105t,<\/p>\n<p>&#8211; pi\u0142ka no\u017cna ch\u0142opc\u00f3w.<\/p>\n<p>&nbsp;<\/p>\n","protected":false},"excerpt":{"rendered":"<p>Akademickie Liceum Mistrzostwa Sportowego w Gorzowie Wielkopolskim to liceum, kt\u00f3re swoj\u0105 dzia\u0142alno\u015b\u0107 rozpocz\u0119\u0142o 1 wrze\u015bnia 2017 roku. Powo\u0142ane zosta\u0142o przez JM Rektora Akademii im. Jakuba z Parady\u017ca w Gorzowie Wielkopolskim. Podstawowym zadaniem dzia\u0142alno\u015bci Akademickiego Liceum Mistrzostwa Sportowego jest stworzenie (we&hellip; <\/p>\n","protected":false},"author":1,"featured_media":0,"parent":2902,"menu_order":0,"comment_status":"closed","ping_status":"closed","template":"","meta":{"footnotes":""},"class_list":["post-2914","page","type-page","status-publish","hentry"],"_links":{"self":[{"href":"http:\/\/alms.ajp.edu.pl\/index.php\/wp-json\/wp\/v2\/pages\/2914","targetHints":{"allow":["GET"]}}],"collection":[{"href":"http:\/\/alms.ajp.edu.pl\/index.php\/wp-json\/wp\/v2\/pages"}],"about":[{"href":"http:\/\/alms.ajp.edu.pl\/index.php\/wp-json\/wp\/v2\/types\/page"}],"author":[{"embeddable":true,"href":"http:\/\/alms.ajp.edu.pl\/index.php\/wp-json\/wp\/v2\/users\/1"}],"replies":[{"embeddable":true,"href":"http:\/\/alms.ajp.edu.pl\/index.php\/wp-json\/wp\/v2\/comments?post=2914"}],"version-history":[{"count":5,"href":"http:\/\/alms.ajp.edu.pl\/index.php\/wp-json\/wp\/v2\/pages\/2914\/revisions"}],"predecessor-version":[{"id":5755,"href":"http:\/\/alms.ajp.edu.pl\/index.php\/wp-json\/wp\/v2\/pages\/2914\/revisions\/5755"}],"up":[{"embeddable":true,"href":"http:\/\/alms.ajp.edu.pl\/index.php\/wp-json\/wp\/v2\/pages\/2902"}],"wp:attachment":[{"href":"http:\/\/alms.ajp.edu.pl\/index.php\/wp-json\/wp\/v2\/media?parent=2914"}],"curies":[{"name":"wp","href":"https:\/\/api.w.org\/{rel}","templated":true}]}}